 h(-5)?
-5
Let o(w) = 12*w**2 + 169*w + 160. Give o(-1).
3
Let o(t) = 3*t - 241. Give o(77).
-10
Let f(b) = 1389*b + 15270. What is f(-11)?
-9
Let x(u) = 3222*u - 19354. Give x(6).
-22
Let m(s) = 4*s - 1. Determine m(-4).
-17
Let h(z) = z**2 + 126*z - 3268. What is h(-148)?
-12
Let v(d) = d**2 + d - 139. What is v(-14)?
43
Let b(z) = -z**3 + 169*z**2 + 175*z - 852. Determine b(170).
-2
Let u(z) = -z**2 + 5075*z - 40540. Calculate u(8).
-4
Let a(m) = -m**3 - 19*m**2 + 68*m - 1227. Calculate a(-24).
21
Let n(h) = -31*h + 278. Determine n(11).
-63
Let d(c) = -3*c**3 + 14*c**2 - 1509*c + 7562. What is d(5)?
-8
Let n(w) = -w**3 - 10*w**2 + 9*w + 170. Give n(-9).
8
Let b(w) = -2*w**3 - 21*w**2 + 52*w + 463. What is b(-11)?
12
Let i(p) = 69*p + 794. What is i(-8)?
242
Let q(h) = -h**3 + 83*h**2 - 19*h + 1566. What is q(83)?
-11
Let u(a) = 36*a**3 - 142*a**2 - 64*a + 227. Determine u(4).
3
Let d(j) = j**3 + 2*j**2 - 45*j - 50. Determine d(-8).
-74
Let h(y) = -7*y - 191. Give h(-22).
-37
Let w(f) = -2*f**2 + 47*f - 259. Determine w(14).
7
Let k(r) = -r**3 + 14*r**2 - 21*r - 13. What is k(7)?
183
Let y(o) = 9*o**2 + 24*o + 133. Calculate y(-7).
406
Let w(n) = 264*n + 855. What is w(-5)?
-465
Let y(t) = 126*t - 2622. What is y(21)?
24
Let v(f) = 62*f - 651. Determine v(11).
31
Let z(q) = 235*q + 1592. Determine z(-7).
-53
Let b(z) = 4*z**3 + 3*z**2 + 2*z + 6. Determine b(-3).
-81
Let j(q) = 186*q**2 + 175*q + 1. Calculate j(-1).
12
Let s(x) = 13*x - 201. Calculate s(-7).
-292
Let l(k) = k**3 + 41*k**2 + 40*k - 5. Give l(-40).
-5
Let f(n) = -n**2 - 23*n + 101. What is f(-27)?
-7
Let x(v) = -v**3 + 40*v**2 - 45*v + 277. What is x(39)?
43
Let x(h) = 21*h**2 - 88*h + 172. What is x(2)?
80
Let i(h) = h**3 - 21*h**2 + 24*h - 46. Give i(20).
34
Let u(o) = 13*o**2 + 384*o - 579. Determine u(-31).
10
Let c(n) = 65*n - 1339. What is c(18)?
-169
Let x(s) = s**2 - 85*s - 1258. What is x(98)?
16
Let t(j) = j**3 - 11*j**2 + 16*j + 22. Give t(7).
-62
Let r(q) = q**3 - 91*q**2 + 1860*q + 32. What is r(60)?
32
Let l(g) = 1152*g - 1162. What is l(1)?
-10
Let d(v) = -v**2 - 23*v - 80. Determine d(-14).
46
Let d(l) = l**2 - 13*l + 33. Give d(9).
-3
Let j(p) = 3*p**2 - 51*p - 45. Give j(18).
9
Let r(f) = -f**3 - 24*f**2 - 178*f - 1975. What is r(-20)?
-15
Let c(z) = -83*z + 1836. Determine c(22).
10
Let h(z) = -218*z + 6067. Give h(28).
-37
Let g(v) = v**2 - 43*v + 462. Determine g(27).
30
Let m(x) = x**2 + 10*x + 16. What is m(-4)?
-8
Let t(v) = 2*v**2 + 34*v + 134. Calculate t(-11).
2
Let k(u) = 9*u**2 - 11*u - 32. Determine k(-3).
82
Let h(q) = q**2 - 88*q + 1682. Determine h(60).
2
Let n(x) = 139*x + 3759. What is n(-27)?
6
Let n(p) = -3*p - 78. What is n(-21)?
-15
Let g(l) = 2*l**3 + 18*l**2 - 3*l + 78. Calculate g(-9).
105
Let k(l) = l**3 - 9*l**2 + 10*l + 16. Determine k(5).
-34
Let f(i) = -3*i**2 - 107*i - 27. Give f(-36).
-63
Let x(y) = -2832*y - 14157. Give x(-5).
3
Let g(n) = 2*n**2 - 147*n + 279. Give g(2).
-7
Let s(n) = 11*n**2 - 34*n + 29. Calculate s(2).
5
Let t(k) = -10*k - 278. Calculate t(-29).
12
Let r(w) = 5*w**2 + 567*w + 820. Calculate r(-112).
36
Let j(h) = -497*h + 957. Determine j(2).
-37
Let l(k) = 42*k + 97. Give l(-12).
-407
Let p(w) = -w**2 - 10*w - 25. What is p(-7)?
-4
Let w(i) = 10*i**2 + 1618*i + 2875. What is w(-160)?
-5
Let n(z) = -z**3 - 2*z**2 + 3*z - 25. Give n(-6).
101
Let w(q) = 18*q**2 - 31*q + 3. Give w(2).
13
Let a(c) = 136*c + 248. Calculate a(-2).
-24
Let q(s) = 286*s + 8287. Give q(-29).
-7
Let a(h) = 130*h - 925. Determine a(9).
245
Let z(m) = -11*m**2 - 24*m - 56. What is z(-5)?
-211
Let u(j) = -j**3 - 12*j**2 - 7*j - 84. Determine u(-12).
0
Let u(c) = 19*c**3 - 7*c + 8. What is u(2)?
146
Let s(f) = -10*f**2 - 325*f - 120. Calculate s(-32).
40
Let n(b) = -1453*b**2 + 18886*b + 45. Calculate n(13).
6
Let i(k) = 29*k + 351. Calculate i(-11).
32
Let r(l) = -64*l**3 - 6*l**2 + 11*l - 28. Give r(2).
-542
Let b(v) = -v**2 + 3783*v + 15165. Calculate b(-4).
17
Let a(d) = -1605*d + 3233. Give a(2).
23
Let n(d) = 45*d**2 + 3778*d - 111. Calculate n(-84).
57
Let q(w) = w**2 + 33*w + 114. Determine q(-14).
-152
Let i(c) = -c**3 + 220*c**2 + 196*c + 5516. Give i(221).
-9
Let t(s) = s**2 + 2655*s - 26657. Give t(10).
-7
Let y(i) = -2*i**2 - 13*i + 1582. What is y(25)?
7
Let g(q) = -64*q - 334. Determine g(-5).
-14
Let x(f) = 1424*f + 5673. Determine x(-4).
-23
Let t(d) = -10*d**2 - 47*d - 12. Calculate t(-6).
-90
Let c(i) = 3*i**3 - 201*i**2 + 203*i - 334. What is c(66)?
-4
Let o(z) = z**3 + 9*z**2 + 27*z + 8. Give o(-8).
-144
Let s(c) = -5*c**3 - 39*c**2 + 17*c + 32. Determine s(-8).
-40
Let q(r) = 15*r - 72. Calculate q(4).
-12
Let x(m) = 16*m**2 - 140*m - 9. Give x(9).
27
Let k(f) = f**3 + 22*f**2 - 35*f - 148. Give k(-23).
128
Let o(f) = 2*f**2 + 8*f - 76. Calculate o(-12).
116
Let l(i) = -41*i**3 - 11*i**2 + 6*i + 8. Calculate l(-1).
32
Let b(g) = -19*g + 1644. Determine b(82).
86
Let j(z) = -4201*z + 16791. What is j(4)?
-13
Let g(j) = 9*j**2 + 26*j - 5. Determine g(-3).
-2
Let x(b) = 339*b + 1698. Give x(-5).
3
Let k(v) = 33*v + 91. Determine k(-10).
-239
Let q(v) = -144*v**2 - 41*v + 78. Calculate q(2).
-580
Let n(f) = -4*f - 29. Determine n(11).
-73
Let q(u) = -79*u + 530. What is q(6)?
56
Let l(w) = 1506*w + 70770. Determine l(-47).
-12
Let h(k) = -17*k**3 + 117*k**2 + 14*k + 1. Give h(7).
1
Let x(m) = m**2 + 32*m - 611. Determine x(-46).
33
Let c(u) = -u**2 - 4*u + 92. Determine c(7).
15
Let k(d) = -103*d - 287. Determine k(-4).
125
Let t(h) = 94*h**3 - h**2. Determine t(2).
748
Let o(t) = 21*t**2 - 1165*t - 626. Calculate o(56).
-10
Let w(l) = 369*l + 3723. Give w(-10).
33
Let x(c) = c**3 - 2*c**2 - 18*c - 13. Determine x(7).
106
Let q(u) = -51*u - 2875. Determine q(-56).
-19
Let y(u) = 2*u**2 - 17*u - 4031. What is y(49)?
-62
Let x(a) = -a**3 + 53*a**2 + 494*a - 338. What is x(61)?
28
Let s(f) = -2050*f + 30676. Determine s(15).
-74
Let v(c) = -3*c**3 - 121*c**2 + 82*c + 4. Calculate v(-41).
4
Let r(l) = -4*l**2 - 85*l + 158. What is r(-23)?
-3
Let k(m) = -2*m**2 + 144*m + 941. What is k(78)?
5
Let d(s) = 3077*s + 15395. Give d(-5).
10
Let t(y) = y**2 + 48*y + 126. Give t(-3).
-9
Let z(t) = -t**3 + 31*t**2 + 138*t - 15. Determine z(-4).
-7
Let g(c) = -c + 93. Determine g(22).
71
Let y(p) = -5*p**2 - 71*p + 32. Give y(-15).
-28
Let q(x) = -711*x + 14929. Give q(21).
-2
Let a(z) = 1733*z + 5032. What is a(-3)?
-167
Let d(a) = 1773*a + 1773. Calculate d(-1).
0
Let z(y) = y**3 - 13*y**2 + 16*y + 3. Determine z(2).
-9
Let p(j) = 3*j**3 + 3*j**2 - 42*j + 180. Calculate p(5).
420
Let h(q) = -q**3 - 11*q**2 - 8*q - 100. Give h(-11).
-12
Let a(v) = 563*v - 8444. What is a(15)?
1
Let r(c) = -76*c + 904. Calculate r(12).
-8
Let c(l) = -22*l**2 + 57*l + 18. Give c(3).
-9
Let d(o) = 378*o - 30224. Calculate d(80).
16
Let w(m) = 30*m - 179. Calculate w(7).
31
Let h(o) = -7*o**2 - 63*o - 7. What is h(-8)?
49
Let i(j) = -j**3 - 10*j**2 + 77*j + 267. What is i(-14)?
-27
Let z(p) = 22*p - 2633. Give z(121).
29
Let g(y) = y**3 + 7*y**2 - 35*y - 220. Calculate g(-5).
5
Let t(s) = -72*s - 129. Give t(-2).
15
Let b(a) = a**3 + 5*a**2 + 10*a - 58. Calculate b(6).
398
Let i(f) = 5*f**2 + 3*f + 9. Calculate i(-6).
171
Let x(m) = m**2 + 20*m + 49. Calculate x(-12).
-47
Let f(z) = -z**3 - 7*z**2 - 10*z + 8. Calculate f(-7).
78
Let w(p) = -p**3 + 16*p**2 + 176*p - 2829. Determine w(16).
-13
Let h(l) = 2*l**3 - 3*l**2 + 241*l - 714. Calculate h(3).
36
Let g(n) = -141*n + 1743. What is g(13)?
-90
Let k(m) = -m**3 + 3*m**2 - 71*m + 133. Determine k(2).
-5
Let d(z) = 142*z + 2178. Calculate d(-15).
48
Let c(j) = -4*j**2 - 5*j - 102. Calculate c(0).
-102
Let o(q) = -q**2 + 3376*q + 47473. Give o(-14).
13
Let c(l) = 939*l - 26280. Calculate c(28).
12
Let a(m) = 32*m - 1078. Determine a(33).
-22
Let m(h) = 109*h + 2663. Give m(-26).
-171
Let a(k) = -75*k + 1276. Calculate a(19).
-149
Let v(w) = 2*w**3 + 3*w**2 - 2*w - 10. Give v(4).
158
Let z(f) = f**2 - 80*f + 702. Determine z(70).
2
Let m(z) = -z**3 + 5*z**2 + 118*z + 109. Give m(14).
-3
Let k(y) = 68*y + 1627. Calculate k(-24).
-5
Let n(m) = 3088*m + 12344. Determine n(-4).
-8
Let m(a) = a**2 + 1633*a + 17814. Determine m(-11).
-28
Let b(n) = -7*n + 280. Give b(38).
14
Let w(q) = 2*q**2 - 17*q - 149. Wha